{"id":2605,"date":"2023-09-30T15:58:31","date_gmt":"2023-09-30T15:58:31","guid":{"rendered":"https:\/\/respiralibre.com\/?page_id=2605"},"modified":"2023-10-26T19:15:28","modified_gmt":"2023-10-26T23:15:28","slug":"calidad-de-vida","status":"publish","type":"page","link":"https:\/\/respiralibre.com\/index.php\/calidad-de-vida\/","title":{"rendered":"Calidad de vida"},"content":{"rendered":"\t\t<div data-elementor-type=\"wp-page\" data-elementor-id=\"2605\" class=\"elementor elementor-2605\" data-elementor-post-type=\"page\">\n\t\t\t\t<div class=\"elementor-element elementor-element-e135690 e-flex e-con-boxed e-con e-parent\" data-id=\"e135690\" data-element_type=\"container\" data-settings=\"{&quot;background_background&quot;:&quot;classic&quot;}\">\n\t\t\t\t\t<div class=\"e-con-inner\">\n\t\t<div class=\"elementor-element elementor-element-ee0affb e-flex e-con-boxed elementor-invisible e-con e-child\" data-id=\"ee0affb\" data-element_type=\"container\" data-settings=\"{&quot;animation&quot;:&quot;fadeInLeft&quot;}\">\n\t\t\t\t\t<div class=\"e-con-inner\">\n\t\t\t\t<div class=\"elementor-element elementor-element-9ac8b02 elementor-widget elementor-widget-image\" data-id=\"9ac8b02\" data-element_type=\"widget\" data-widget_type=\"image.default\">\n\t\t\t\t<div class=\"elementor-widget-container\">\n\t\t\t\t\t\t\t\t\t\t\t\t\t<img decoding=\"async\" width=\"51\" height=\"2\" src=\"https:\/\/respiralibre.com\/wp-content\/uploads\/2023\/09\/line-icon.svg\" class=\"attachment-large size-large wp-image-2221\" alt=\"\" \/>\t\t\t\t\t\t\t\t\t\t\t\t\t<\/div>\n\t\t\t\t<\/div>\n\t\t\t\t<div class=\"elementor-element elementor-element-7cc8b4e elementor-widget elementor-widget-heading\" data-id=\"7cc8b4e\" data-element_type=\"widget\" data-widget_type=\"heading.default\">\n\t\t\t\t<div class=\"elementor-widget-container\">\n\t\t\t<h4 class=\"elementor-heading-title elementor-size-default\">Calidad de Vida<\/h4>\t\t<\/div>\n\t\t\t\t<\/div>\n\t\t\t\t<div class=\"elementor-element elementor-element-cc6e76b elementor-widget elementor-widget-heading\" data-id=\"cc6e76b\" data-element_type=\"widget\" data-widget_type=\"heading.default\">\n\t\t\t\t<div class=\"elementor-widget-container\">\n\t\t\t<h1 class=\"elementor-heading-title elementor-size-default\">Su Salud y Bienestar es el\u00a0 Centro de Nuestra Atenci\u00f3n<\/h1>\t\t<\/div>\n\t\t\t\t<\/div>\n\t\t\t\t<div class=\"elementor-element elementor-element-280c0b3 elementor-widget elementor-widget-text-editor\" data-id=\"280c0b3\" data-element_type=\"widget\" data-widget_type=\"text-editor.default\">\n\t\t\t\t<div class=\"elementor-widget-container\">\n\t\t\t\t\t\t\t<p>Nos complace que est\u00e9 aqu\u00ed, explorando las posibilidades para mejorar su calidad de vida. En Respira Libre, creemos que una vida saludable y plena es m\u00e1s que una aspiraci\u00f3n, es un derecho. Nuestro compromiso es proporcionarle las herramientas y recursos necesarios para ayudarle a alcanzar su m\u00e1ximo potencial de salud y bienestar<\/p>\t\t\t\t\t\t<\/div>\n\t\t\t\t<\/div>\n\t\t\t\t\t<\/div>\n\t\t\t\t<\/div>\n\t\t<div class=\"elementor-element elementor-element-a592868 e-flex e-con-boxed elementor-invisible e-con e-child\" data-id=\"a592868\" data-element_type=\"container\" data-settings=\"{&quot;animation&quot;:&quot;fadeInRight&quot;}\">\n\t\t\t\t\t<div class=\"e-con-inner\">\n\t\t\t\t<div class=\"elementor-element elementor-element-c6f3969 elementor-widget elementor-widget-image\" data-id=\"c6f3969\" data-element_type=\"widget\" data-widget_type=\"image.default\">\n\t\t\t\t<div class=\"elementor-widget-container\">\n\t\t\t\t\t\t\t\t\t\t\t\t\t<img fetchpriority=\"high\" decoding=\"async\" width=\"416\" height=\"450\" src=\"https:\/\/respiralibre.com\/wp-content\/uploads\/2023\/10\/calidad-vida-imagenes.png\" class=\"attachment-large size-large wp-image-3275\" alt=\"\" srcset=\"https:\/\/respiralibre.com\/wp-content\/uploads\/2023\/10\/calidad-vida-imagenes.png 416w, https:\/\/respiralibre.com\/wp-content\/uploads\/2023\/10\/calidad-vida-imagenes-277x300.png 277w\" sizes=\"(max-width: 416px) 100vw, 416px\" \/>\t\t\t\t\t\t\t\t\t\t\t\t\t<\/div>\n\t\t\t\t<\/div>\n\t\t\t\t\t<\/div>\n\t\t\t\t<\/div>\n\t\t\t\t\t<\/div>\n\t\t\t\t<\/div>\n\t\t<div class=\"elementor-element elementor-element-1a75762 e-flex e-con-boxed e-con e-parent\" data-id=\"1a75762\" data-element_type=\"container\">\n\t\t\t\t\t<div class=\"e-con-inner\">\n\t\t<div class=\"elementor-element elementor-element-2cc6478 e-flex e-con-boxed e-con e-child\" data-id=\"2cc6478\" data-element_type=\"container\">\n\t\t\t\t\t<div class=\"e-con-inner\">\n\t\t<div class=\"elementor-element elementor-element-9511c4d e-flex e-con-boxed elementor-invisible e-con e-child\" data-id=\"9511c4d\" data-element_type=\"container\" data-settings=\"{&quot;animation&quot;:&quot;fadeIn&quot;,&quot;animation_delay&quot;:100}\">\n\t\t\t\t\t<div class=\"e-con-inner\">\n\t\t\t\t<div class=\"elementor-element elementor-element-c4a8138 elementor-view-stacked elementor-shape-square elementor-position-top elementor-mobile-position-top elementor-widget elementor-widget-icon-box\" data-id=\"c4a8138\" data-element_type=\"widget\" data-widget_type=\"icon-box.default\">\n\t\t\t\t<div class=\"elementor-widget-container\">\n\t\t\t\t\t<div class=\"elementor-icon-box-wrapper\">\n\n\t\t\t\t\t\t<div class=\"elementor-icon-box-icon\">\n\t\t\t\t<span  class=\"elementor-icon elementor-animation-\">\n\t\t\t\t<svg xmlns=\"http:\/\/www.w3.org\/2000\/svg\" width=\"25\" height=\"22\" viewBox=\"0 0 25 22\" fill=\"none\"><path d=\"M15.6306 1.51529C15.6306 1.18501 15.363 0.917389 15.0327 0.917389H8.69875C8.36847 0.917389 8.10086 1.18501 8.10086 1.51529V5.31688C8.10086 5.64716 8.36847 5.91477 8.69875 5.91477H14.4348V7.60372L8.69875 13.3416L7.22139 11.8636C7.09615 11.7384 6.92093 11.6753 6.74546 11.6908C6.56904 11.7065 6.40865 11.7996 6.30756 11.945L0.606969 20.1434C0.479896 20.3261 0.464909 20.5643 0.568066 20.7616C0.671144 20.959 0.875385 21.0826 1.09796 21.0826H23.9006C23.9012 21.0826 23.9018 21.0826 23.9022 21.0826C24.2324 21.0826 24.5001 20.8149 24.5001 20.4847C24.5001 20.3425 24.4505 20.2119 24.3677 20.1093L15.6306 7.66239V1.51529ZM9.29665 4.71898V2.11318H14.4348V4.71898H9.29665ZM2.24186 19.8868L6.88115 13.2148L8.27584 14.6101C8.38801 14.7222 8.54011 14.7853 8.69875 14.7853C8.85732 14.7853 9.00942 14.7222 9.12159 14.6101L14.9524 8.77743L22.7504 19.8869H2.24186V19.8868Z\" fill=\"white\"><\/path><\/svg>\t\t\t\t<\/span>\n\t\t\t<\/div>\n\t\t\t\n\t\t\t\t\t\t<div class=\"elementor-icon-box-content\">\n\n\t\t\t\t\t\t\t\t\t<h3 class=\"elementor-icon-box-title\">\n\t\t\t\t\t\t<span  >\n\t\t\t\t\t\t\tNuestra Misi\u00f3n\t\t\t\t\t\t<\/span>\n\t\t\t\t\t<\/h3>\n\t\t\t\t\n\t\t\t\t\t\t\t\t\t<p class=\"elementor-icon-box-description\">\n\t\t\t\t\t\tEn Respira Libre, entendemos que cada individuo es \u00fanico. Por eso, ofrecemos una variedad de servicios y productos dise\u00f1ados para satisfacer sus necesidades espec\u00edficas. Desde programas de ejercicios respiratorios hasta productos de alta calidad para el cuidado de la salud, estamos dedicados a ayudarle a vivir su mejor vida \t\t\t\t\t<\/p>\n\t\t\t\t\n\t\t\t<\/div>\n\t\t\t\n\t\t<\/div>\n\t\t\t\t<\/div>\n\t\t\t\t<\/div>\n\t\t\t\t\t<\/div>\n\t\t\t\t<\/div>\n\t\t<div class=\"elementor-element elementor-element-d56ebd7 e-flex e-con-boxed elementor-invisible e-con e-child\" data-id=\"d56ebd7\" data-element_type=\"container\" data-settings=\"{&quot;animation&quot;:&quot;fadeIn&quot;,&quot;animation_delay&quot;:200}\">\n\t\t\t\t\t<div class=\"e-con-inner\">\n\t\t\t\t<div class=\"elementor-element elementor-element-ffeffd3 elementor-view-stacked elementor-shape-square elementor-position-top elementor-mobile-position-top elementor-widget elementor-widget-icon-box\" data-id=\"ffeffd3\" data-element_type=\"widget\" data-widget_type=\"icon-box.default\">\n\t\t\t\t<div class=\"elementor-widget-container\">\n\t\t\t\t\t<div class=\"elementor-icon-box-wrapper\">\n\n\t\t\t\t\t\t<div class=\"elementor-icon-box-icon\">\n\t\t\t\t<span  class=\"elementor-icon elementor-animation-\">\n\t\t\t\t<svg xmlns=\"http:\/\/www.w3.org\/2000\/svg\" width=\"25\" height=\"24\" viewBox=\"0 0 25 24\" fill=\"none\"><path d=\"M4.81127 9.38452H9.86813C10.8177 9.38452 11.5903 8.6388 11.5903 7.72225C11.5903 6.95489 11.0488 6.30725 10.3151 6.11685L14.0789 6.65499C14.7094 6.74516 15.6122 6.61865 16.1025 6.12787C16.3747 5.85552 16.49 5.48646 16.4186 5.11532C16.3307 4.658 15.9724 4.26362 15.4353 4.03304L11.0919 2.17038C10.4666 1.90243 9.49786 1.82496 8.83888 1.98988L7.17909 2.40511C6.64015 2.53985 5.81848 2.82266 5.30829 3.04924L5.05271 3.16281C4.90104 3.23046 4.61081 3.16976 4.49844 3.04692L2.75103 1.13786C2.4532 0.812567 1.94797 0.790124 1.62259 1.08795C1.29729 1.38577 1.27485 1.89101 1.57267 2.21639L3.32008 4.12561C3.89712 4.75584 4.92069 4.96948 5.70139 4.6227L5.9568 4.50921C6.38114 4.3208 7.11815 4.06698 7.56644 3.95501L9.22663 3.53962C9.55289 3.45808 10.1533 3.50624 10.4625 3.63866L13.561 4.96748L10.0928 4.47159C9.34644 4.36513 8.38092 4.68667 7.84765 5.22042L7.42787 5.64068C6.84405 6.22443 6.9795 6.76648 7.0648 6.97246C7.15002 7.17844 7.43762 7.65756 8.2632 7.65756H9.86813C9.95135 7.65756 9.99296 7.70995 9.99296 7.72241C9.99296 7.73479 9.95135 7.78734 9.86813 7.78734H4.81127C4.51768 7.78734 4.00733 7.57585 3.79992 7.3682L1.86371 5.43039C1.55191 5.11843 1.04619 5.11819 0.73415 5.42991C0.42211 5.74171 0.42195 6.24735 0.733671 6.55947L2.66972 8.49704C3.1752 9.003 4.09591 9.38452 4.81127 9.38452Z\" fill=\"white\"><\/path><path d=\"M24.2658 15.169L21.1594 12.0627C20.543 11.4464 19.421 10.9817 18.5495 10.9817H10.4031C9.30216 10.9817 8.40645 11.8774 8.40645 12.9784V13.218C8.40645 14.3189 9.30216 15.2146 10.4031 15.2146H12.5481L12.1231 15.6397C11.8328 15.93 11.1742 16.1495 10.7676 16.0915L3.91498 15.1125C3.01352 14.9837 1.92901 15.2913 1.39246 15.8279C1.0591 16.1612 0.916615 16.6053 1.00159 17.0461C1.10127 17.5636 1.49605 18.0053 2.08491 18.2576L9.1072 21.2671C9.87608 21.5966 11.0677 21.6921 11.8789 21.4892L14.8257 20.7524C15.515 20.5801 16.5637 20.2193 17.2132 19.9309L17.9915 19.5854C18.2792 19.4577 18.7701 19.5603 18.9825 19.7922L21.7941 22.8621C21.9517 23.0342 22.1672 23.1214 22.3834 23.1214C22.576 23.1214 22.7693 23.0521 22.9226 22.9117C23.2479 22.6138 23.2701 22.1085 22.9722 21.7833L20.1605 18.7133C19.4893 17.9803 18.2519 17.7224 17.3434 18.1255L16.5651 18.471C16.0059 18.7192 15.0319 19.0544 14.4382 19.2028L11.4915 19.9396C11.0199 20.0575 10.1833 19.9904 9.73648 19.7988L2.77192 16.814C3.0164 16.7178 3.37564 16.6489 3.68927 16.6937L10.5419 17.6727C11.4439 17.8022 12.6089 17.4129 13.2526 16.7691L14.194 15.8277C14.85 15.1717 14.7059 14.5821 14.6135 14.359C14.5211 14.136 14.206 13.6171 13.2783 13.6171H10.4031C10.1867 13.6171 10.0038 13.4342 10.0038 13.2178V12.9782C10.0038 12.7618 10.1867 12.5789 10.4031 12.5789H18.5495C18.9952 12.5789 19.7147 12.8769 20.0299 13.1921L23.1361 16.2984C23.4481 16.6102 23.9537 16.6102 24.2657 16.2984C24.5777 15.9866 24.5777 15.4809 24.2658 15.169Z\" fill=\"white\"><\/path><\/svg>\t\t\t\t<\/span>\n\t\t\t<\/div>\n\t\t\t\n\t\t\t\t\t\t<div class=\"elementor-icon-box-content\">\n\n\t\t\t\t\t\t\t\t\t<h3 class=\"elementor-icon-box-title\">\n\t\t\t\t\t\t<span  >\n\t\t\t\t\t\t\tComunidad de Apoyo y Educaci\u00f3n\t\t\t\t\t\t<\/span>\n\t\t\t\t\t<\/h3>\n\t\t\t\t\n\t\t\t\t\t\t\t\t\t<p class=\"elementor-icon-box-description\">\n\t\t\t\t\t\tPero no nos quedamos solo en ofrecer productos y servicios. En Respira Libre, nos esforzamos por crear una comunidad de apoyo y educaci\u00f3n. Aqu\u00ed encontrar\u00e1 una gran cantidad de informaci\u00f3n y recursos para ayudarle a entender y manejar mejor su salud\t\t\t\t\t<\/p>\n\t\t\t\t\n\t\t\t<\/div>\n\t\t\t\n\t\t<\/div>\n\t\t\t\t<\/div>\n\t\t\t\t<\/div>\n\t\t\t\t\t<\/div>\n\t\t\t\t<\/div>\n\t\t\t\t\t<\/div>\n\t\t\t\t<\/div>\n\t\t<div class=\"elementor-element elementor-element-7526fd0 e-flex e-con-boxed e-con e-child\" data-id=\"7526fd0\" data-element_type=\"container\">\n\t\t\t\t\t<div class=\"e-con-inner\">\n\t\t<div class=\"elementor-element elementor-element-5d71fef e-flex e-con-boxed elementor-invisible e-con e-child\" data-id=\"5d71fef\" data-element_type=\"container\" data-settings=\"{&quot;animation&quot;:&quot;fadeIn&quot;,&quot;animation_delay&quot;:300}\">\n\t\t\t\t\t<div class=\"e-con-inner\">\n\t\t\t\t<div class=\"elementor-element elementor-element-1ad89d8 elementor-view-stacked elementor-shape-square elementor-position-top elementor-mobile-position-top elementor-widget elementor-widget-icon-box\" data-id=\"1ad89d8\" data-element_type=\"widget\" data-widget_type=\"icon-box.default\">\n\t\t\t\t<div class=\"elementor-widget-container\">\n\t\t\t\t\t<div class=\"elementor-icon-box-wrapper\">\n\n\t\t\t\t\t\t<div class=\"elementor-icon-box-icon\">\n\t\t\t\t<span  class=\"elementor-icon elementor-animation-\">\n\t\t\t\t<svg xmlns=\"http:\/\/www.w3.org\/2000\/svg\" width=\"25\" height=\"24\" viewBox=\"0 0 25 24\" fill=\"none\"><path d=\"M12.0923 9.19242C12.218 9.26571 12.3585 9.30232 12.4991 9.30232C12.6397 9.30232 12.7803 9.26571 12.906 9.19242C13.3875 8.91169 17.6101 6.37303 17.6101 3.69181C17.6101 2.05198 16.2823 0.717834 14.6503 0.717834C13.8036 0.717834 13.039 1.07695 12.499 1.65173C11.9591 1.07703 11.1943 0.717834 10.3476 0.717834C8.71553 0.717834 7.3877 2.05198 7.3877 3.69181C7.3877 6.37311 11.6107 8.91177 12.0923 9.19242ZM10.3476 2.33383C11.0885 2.33383 11.6911 2.94297 11.6911 3.69181C11.6911 4.13804 12.053 4.49981 12.4991 4.49981C12.9453 4.49981 13.3071 4.13804 13.3071 3.69181C13.3071 2.94297 13.9096 2.33383 14.6503 2.33383C15.3913 2.33383 15.9941 2.94297 15.9941 3.69181C15.9941 4.90652 13.995 6.59291 12.4991 7.54733C11.003 6.59299 9.0037 4.90652 9.0037 3.69181C9.0037 2.94297 9.6066 2.33383 10.3476 2.33383Z\" fill=\"white\"><\/path><path d=\"M24.4981 22.4169C24.475 20.6819 23.3979 19.1985 21.8822 18.582C22.5293 18.102 22.9495 17.3325 22.9495 16.4667C22.9495 15.0149 21.7689 13.8339 20.3178 13.8339C18.8666 13.8339 17.6862 15.0149 17.6862 16.4667C17.6862 17.3326 18.1065 18.102 18.7535 18.5821C18.1355 18.8335 17.5907 19.229 17.1604 19.7272C16.4573 18.5283 15.3099 17.6235 13.9464 17.2424C15.0396 16.7055 15.7942 15.5805 15.7942 14.2822C15.7942 12.4647 14.3161 10.986 12.4993 10.986C10.6825 10.986 9.20432 12.4647 9.20432 14.2822C9.20432 15.5805 9.95891 16.7055 11.0521 17.2424C9.68885 17.6235 8.54121 18.5281 7.83818 19.7269C7.40788 19.2289 6.86331 18.8333 6.24529 18.582C6.89224 18.102 7.31244 17.3325 7.31244 16.4667C7.31244 15.0149 6.13192 13.8339 4.68085 13.8339C3.22978 13.8339 2.04909 15.0149 2.04909 16.4667C2.04909 17.3326 2.46937 18.102 3.1164 18.5821C1.58412 19.2054 0.5 20.7146 0.5 22.4742C0.5 22.9203 0.861778 23.2822 1.308 23.2822H23.6904C23.6909 23.2822 23.6916 23.2822 23.692 23.2822C24.1383 23.2822 24.5 22.9203 24.5 22.4742C24.5 22.4549 24.4994 22.4358 24.4981 22.4169ZM4.68069 15.4498C5.24077 15.4498 5.69628 15.906 5.69628 16.4667C5.69628 17.0272 5.24069 17.4832 4.68069 17.4832C4.12069 17.4832 3.66509 17.0271 3.66509 16.4667C3.66509 15.906 4.12069 15.4498 4.68069 15.4498ZM2.24457 21.6662C2.58226 20.637 3.54671 19.8921 4.68077 19.8921C5.81483 19.8921 6.77935 20.637 7.11689 21.6662H2.24457ZM10.8202 14.2822C10.8202 13.3557 11.5734 12.602 12.4992 12.602C13.425 12.602 14.1781 13.3557 14.1781 14.2822C14.1781 15.2086 13.425 15.9622 12.4992 15.9622C11.5734 15.9622 10.8202 15.2086 10.8202 14.2822ZM8.79398 21.6662C9.16327 19.9494 10.6844 18.6593 12.4993 18.6593C14.3141 18.6593 15.8352 19.9494 16.2045 21.6662H8.79398ZM20.3177 15.4498C20.8778 15.4498 21.3334 15.906 21.3334 16.4667C21.3334 17.0272 20.8777 17.4832 20.3177 17.4832C19.7577 17.4832 19.3021 17.0271 19.3021 16.4667C19.3021 15.906 19.7576 15.4498 20.3177 15.4498ZM17.8816 21.6662C18.2192 20.637 19.1837 19.8921 20.3178 19.8921C21.4518 19.8921 22.4163 20.637 22.754 21.6662H17.8816Z\" fill=\"white\"><\/path><\/svg>\t\t\t\t<\/span>\n\t\t\t<\/div>\n\t\t\t\n\t\t\t\t\t\t<div class=\"elementor-icon-box-content\">\n\n\t\t\t\t\t\t\t\t\t<h3 class=\"elementor-icon-box-title\">\n\t\t\t\t\t\t<span  >\n\t\t\t\t\t\t\tSu Calidad de Vida es Nuestra Prioridad\t\t\t\t\t\t<\/span>\n\t\t\t\t\t<\/h3>\n\t\t\t\t\n\t\t\t\t\t\t\t\t\t<p class=\"elementor-icon-box-description\">\n\t\t\t\t\t\tEn Respira Libre, su calidad de vida es nuestra prioridad. Le invitamos a explorar nuestro sitio web y descubrir c\u00f3mo podemos ayudarle a respirar libremente y vivir plenamente. \u00a1Estamos emocionados de ser parte de su viaje hacia una vida m\u00e1s saludable y feliz!\t\t\t\t\t<\/p>\n\t\t\t\t\n\t\t\t<\/div>\n\t\t\t\n\t\t<\/div>\n\t\t\t\t<\/div>\n\t\t\t\t<\/div>\n\t\t\t\t\t<\/div>\n\t\t\t\t<\/div>\n\t\t<div class=\"elementor-element elementor-element-790b32f e-flex e-con-boxed e-con e-child\" data-id=\"790b32f\" data-element_type=\"container\">\n\t\t\t\t\t<div class=\"e-con-inner\">\n\t\t\t\t\t<\/div>\n\t\t\t\t<\/div>\n\t\t\t\t\t<\/div>\n\t\t\t\t<\/div>\n\t\t\t\t\t<\/div>\n\t\t\t\t<\/div>\n\t\t\t\t<\/div>\n\t\t","protected":false},"excerpt":{"rendered":"<p>Calidad de Vida Su Salud y Bienestar es el\u00a0 Centro de Nuestra Atenci\u00f3n Nos complace que est\u00e9 aqu\u00ed, explorando las posibilidades para mejorar su calidad de vida. En Respira Libre, creemos que una vida saludable y plena es m\u00e1s que una aspiraci\u00f3n, es un derecho. Nuestro compromiso es proporcionarle las herramientas y recursos necesarios para [&hellip;]<\/p>\n","protected":false},"author":4,"featured_media":0,"parent":0,"menu_order":0,"comment_status":"closed","ping_status":"closed","template":"","meta":{"footnotes":""},"class_list":["post-2605","page","type-page","status-publish","hentry"],"_links":{"self":[{"href":"https:\/\/respiralibre.com\/index.php\/wp-json\/wp\/v2\/pages\/2605","targetHints":{"allow":["GET"]}}],"collection":[{"href":"https:\/\/respiralibre.com\/index.php\/wp-json\/wp\/v2\/pages"}],"about":[{"href":"https:\/\/respiralibre.com\/index.php\/wp-json\/wp\/v2\/types\/page"}],"author":[{"embeddable":true,"href":"https:\/\/respiralibre.com\/index.php\/wp-json\/wp\/v2\/users\/4"}],"replies":[{"embeddable":true,"href":"https:\/\/respiralibre.com\/index.php\/wp-json\/wp\/v2\/comments?post=2605"}],"version-history":[{"count":22,"href":"https:\/\/respiralibre.com\/index.php\/wp-json\/wp\/v2\/pages\/2605\/revisions"}],"predecessor-version":[{"id":3278,"href":"https:\/\/respiralibre.com\/index.php\/wp-json\/wp\/v2\/pages\/2605\/revisions\/3278"}],"wp:attachment":[{"href":"https:\/\/respiralibre.com\/index.php\/wp-json\/wp\/v2\/media?parent=2605"}],"curies":[{"name":"wp","href":"https:\/\/api.w.org\/{rel}","templated":true}]}}